pose 0 = y - 2*y + p. What are the prime factors of y?
2
Let a be (18/15)/((-9)/(-30)). Suppose -a*u - 3*t + 13 = 0, -5*t + 9 = -2*t. Let l(j) = 5*j. List the prime factors of l(u).
5
Suppose 0 = 2*z - 5*z + 93. List the prime factors of z.
31
Suppose 2*z - 136 = 3*y, 3*z - 68 = 2*z + y. What are the prime factors of z?
2, 17
List the prime factors of ((-8)/(-2))/(9/261).
2, 29
Let s = 30 + -21. List the prime factors of s.
3
Let x(f) = f**3 + 10*f**2 - 13*f + 3. Suppose -3*j = 2*j + 55. Let a be x(j). Suppose 67 = 3*b + a. What are the prime factors of b?
2, 7
Suppose 2*x - 225 - 93 = 0. What are the prime factors of x?
3, 53
Let b(s) = -19*s - 62. What are the prime factors of b(-10)?
2
Let l = -11 + 9. List the prime factors of 1/(l/1)*-20.
2, 5
Suppose -40 = -0*y - 2*y. Let b be (-294)/(-10) + (-6)/(-10). Let z = b - y. List the prime factors of z.
2, 5
Let w = 12 + -9. Let m(x) = 2*x**2 - 2 - 4*x**2 + 4*x**2. What are the prime factors of m(w)?
2
Suppose -5*z + 114 = 4*s, 3*s = 7*s - 2*z - 100. What are the prime factors of s?
2, 13
Let n = -9 - -6. List the prime factors of (-82)/(-4) + n/6.
2, 5
Let s(i) = -42*i**3 + 2*i - 1. Let t be s(1). List the prime factors of t/(-4) - (-3)/(-12).
2, 5
Suppose -3*r + 131 = 2*i - 0*i, -i = -4*r - 93. List the prime factors of i.
73
Suppose 4*v - 5*v + 58 = 5*p, p - 14 = v. What are the prime factors of p?
2, 3
Let g = -3 - -6. Suppose -g*a = -27 - 6. List the prime factors of a.
11
Let t be 1/5 - 672/35. Let u = -10 - t. What are the prime factors of u?
3
Suppose -2*j = 3*j - 35. Suppose -j*p + 8*p - 4 = 0. List the prime factors of p.
2
Let c(p) = -p**3 - p**2 + p - 1. Let f(t) = -5*t**3 - 13*t**2 + 2*t - 8. Let j(d) = -6*c(d) + f(d). Let g be j(7). What are the prime factors of (3 - 5)/(4/g)?
3, 5
Let i(l) = -3*l - 6. Let f be i(-4). Let h(t) = -t**2 + 8*t - 9. List the prime factors of h(f).
3
Let r = 10 + -10. Suppose n = -5*k + 58, r = -3*n - 3*k + 180 - 18. What are the prime factors of n?
53
Suppose -r = -6 - 0. Let g(x) = 6 - x**2 - 2 + 1 + r*x. List the prime factors of g(5).
2, 5
Suppose -19*a = -10*a - 1683. List the prime factors of a.
11, 17
Let i(b) = 13*b**2 - 3*b + 1. Let u be i(2). Let z = u + -24. List the prime factors of z.
23
Suppose -4*j = -8*j. Suppose 4*y = -3*r + 2, -r = -y + 4 - j. Suppose -5*t + 3 = 2*d - 1, -y*t = 2*d - 4. What are the prime factors of d?
2
Suppose -2*n - 12 + 86 = 0. List the prime factors of n.
37
Suppose 0 = -2*c + 5*f + 103, -4*c - f = -76 - 141. List the prime factors of c.
2, 3
Suppose 3*x + 4*a = 293, -5*a - 44 = -2*x + 113. List the prime factors of x.
7, 13
Suppose -4*n + 106 = 3*b - 123, 0 = -3*b - 2*n + 221. What are the prime factors of b?
71
Let z(h) = -h**3 + 2*h**2 + 2*h + 1. Let s be z(5). Let u be (-2)/11 + s/11. Let y = 15 + u. List the prime factors of y.
3
Suppose 13 = 5*w + 4*q, -2*w - 2 = 2*q - 8. Let y be 5 + (-2 + 0)/w. Suppose -25 = -y*n - l, 2*n - 18 = -l - 0*l. List the prime factors of n.
7
List the prime factors of 1*(-13)/2*(-5 - -3).
13
Let t(z) = -z**2 + z + 37. Let g be 0/(5/((-5)/2)). What are the prime factors of t(g)?
37
Let p = 204 - 91. What are the prime factors of p?
113
Suppose 0*d + 3*d - 12 = 0. Suppose -b - 2*b + 13 = l, -39 = -d*l + b. Let y = l + 1. What are the prime factors of y?
11
Let k = 380 - 207. List the prime factors of k.
173
Suppose -g = g. Suppose g*l = -4*l + 48. List the prime factors of l.
2, 3
Suppose -4 = g - 20. Let c = 3 + g. Suppose -5*n = -p - c, 0 = 2*n - 6*p + 2*p - 22. What are the prime factors of n?
3
Suppose -2*t = h + 25, 1 = 5*h + 6. Let r(k) = -k + 1. List the prime factors of r(t).
13
Let m(l) = 2*l**2 - 9. What are the prime factors of m(-6)?
3, 7
Suppose 0 = 3*p - 4*p + 22. Suppose 4*z - 3*y = -y + p, -4*z - 3*y = -7. List the prime factors of z.
2
Let h = -16 + 13. What are the prime factors of (-392)/(-21)*h/(-2)?
2, 7
Let w(z) = z**3 + 7*z**2 - 7*z + 7. Let s be w(-8). Let o be 8 + -3 + (s - 1). List the prime factors of -2*2/(-4)*o.
3
Let y be ((-6)/4)/(15/(-10)). Let a(n) = -1 - 6*n + 20*n - n. What are the prime factors of a(y)?
2, 3
Suppose -30 = 2*u - 5*u. What are the prime factors of u?
2, 5
Suppose -2*g + 2*s = 1 + 1, -g = 2*s - 8. Suppose -4*t + 3*t + g = 0. Suppose 0 = t*v - 0 - 6. List the prime factors of v.
3
Suppose 2*x - 4 = 4*x. List the prime factors of (x - -3)*(8 - 1).
7
Let c be (0 - 0) + -1 - -4. Suppose 0 = -4*q + 17 + 27. Suppose -4*s + 56 = -4*t, c*t + 13 = s - q. List the prime factors of s.
3
Suppose 0 = -v + 3, 4*r = v + 2*v - 5. Suppose 2*c + r = 15. Suppose -c = -2*z + 11. What are the prime factors of z?
3
Let m be (-1)/(2/(-14)) + 2. Let h(p) be the first derivative of p**3/3 - 9*p**2/2 + 10*p - 1. List the prime factors of h(m).
2, 5
Suppose -3*y = y - 8. Let u be y/2 - (-13 + -2). List the prime factors of -5 + 3/1 + u.
2, 7
Let s = 35 - -40. List the prime factors of s.
3, 5
Suppose -3*w + 2*t + 51 = -29, -4*w - 2*t = -130. List the prime factors of w.
2, 3, 5
Let z(t) = -t + 11. Let j be 4/(4/(-9))*-1. Let y be z(j). Suppose 2*q + 5*p = 30, p - 6 = y*q - 3*p. What are the prime factors of q?
5
Let f = 1 - 7. What are the prime factors of 6/4*(-28)/f?
7
Suppose 0 = -3*n + 224 - 92. List the prime factors of n.
2, 11
Suppose -7 = -0*d + 4*d + u, d + 4 = 2*u. Let b be 28/d - (1 - 3). List the prime factors of (6/5)/(b/(-40)).
2
Suppose 4 + 4 = 4*t. Suppose 3*y = -t*d + d + 5, 4*d - 30 = -2*y. Suppose 2*v = 3*q - 6*q + d, 4*v + 20 = 0. What are the prime factors of q?
2, 3
Suppose 2*j + 18 = 2*d, 8 = 2*d - 5*j - 25. Suppose -30 = -d*n + m - 11, 3*n - 18 = 2*m. Suppose 0 = -n*p + p + 9. List the prime factors of p.
3
Suppose -3*f - 5*z + 212 = -0*f, -f + 3*z + 66 = 0. List the prime factors of f.
3, 23
Suppose 0*l + 4*l = -36. Let s be 6/l + (-40)/(-6). Let o = s - -1. What are the prime factors of o?
7
Let d(o) be the first derivative of -3*o**2/2 - 5*o - 1. What are the prime factors of d(-6)?
13
Let m = -6 - -31. What are the prime factors of m?
5
Let a be -1 + 3 - (-1 + 1). What are the prime factors of (4 - 2)*(a + -1)?
2
Suppose 3 - 7 = l. Let i be l/(-6)*15/2. Suppose 17 = -i*f + 57. What are the prime factors of f?
2
Let a(t) = -2*t - 3. Let p be a(-8). Let b = p + 3. What are the prime factors of b?
2
Suppose 4*h - 103 = t + 16, -2*h = t - 61. What are the prime factors of h?
2, 3, 5
List the prime factors of (-6)/(-4)*(-16)/(-6).
2
Let b be -3*11/6*-2. Let q = b + -7. Suppose -6*f = -f + q*w - 18, -2*f - 3*w = -10. What are the prime factors of f?
2
Let z be (-2)/(-9) + (-2742)/(-54). Suppose -66 - z = 3*v. List the prime factors of (-6)/v - 306/(-39).
2
Let n(m) = -m - 10 - m + 12. What are the prime factors of n(-3)?
2
Let h(v) = -3*v - 2 + v**3 - 3*v + 3 - v**2. List the prime factors of h(4).
5
Let y(q) = 3*q - 4. Let a be y(3). Suppose 5*n = h + 78, 4*n - 26 = a*h + 49. What are the prime factors of n?
3, 5
Suppose -3*z + 85 = -5*u, -2*z = -5*z + 4*u + 86. What are the prime factors of z?
2, 3, 5
Let f(k) = k**3 + 13*k**2 + k + 19. What are the prime factors of f(-13)?
2, 3
Let g(l) = l**2 + l + 9. What are the prime factors of g(-7)?
3, 17
Let w(l) be the first derivative of -7*l + 1/4*l**4 + 2 + 7/3*l**3 + 3/2*l**2. List the prime factors of w(-6).
11
Let l(q) = -7*q**2 + 3*q - 11. Let g(n) = -n**2 + n - 1. Let a(k) = 6*g(k) - l(k). List the prime factors of a(-5).
3, 5
Suppose 0*m = -4*m - 4*j - 20, -4*j + 4 = 0. Suppose 2*u - 3*z = 127, 183 = 3*u + 7*z - 4*z. What are the prime factors of u/6 + 2/m?
2, 5
Suppose -8 = -3*j + j. Let q(f) = -f**3 + 5*f**2 - 2*f - 2. What are the prime factors of q(j)?
2, 3
Let f = 0 - 3. What are the prime factors of -1*(-10 - f/(-3))?
11
Suppose -2*b - x - 42 = 0, -b - 24 = -0*b + 2*x. Let l be 10/4*20/(-10). List the prime factors of (-2)/l + (-252)/b.
13
Let b = 149 - 105. Suppose -p + b = 18. List the prime factors of p.
2, 13
Let z(x) = 5*x + 3*x - x**3 - 4*x**2 - 4*x + 7. List the prime factors of z(-5).
2, 3
Suppose -3*o + 10 + 2 = 0. Suppose -5*a + 3*x - 10 - 5 = 0, o*a = -4*x - 12. What are the prime factors of (2 - -1)/(a/(-9))?
3
Suppose 4*v - p = 12, p + 2 - 5 = -v. Suppose z + 4 = v*z. What are the prime factors of z?
2
Let v = -8 - -12. What are the prime factors of v?
2
Suppo